inder when 239014 is divided by 8?
6
Calculate the remainder when 5314 is divided by 496.
354
What is the remainder when 4071 is divided by 1348?
27
Calculate the remainder when 180902 is divided by 180887.
15
Calculate the remainder when 2122 is divided by 1068.
1054
What is the remainder when 5831 is divided by 33?
23
What is the remainder when 6722 is divided by 3253?
216
Calculate the remainder when 46152 is divided by 1004.
972
Calculate the remainder when 48819 is divided by 674.
291
Calculate the remainder when 1048 is divided by 96.
88
Calculate the remainder when 2954 is divided by 1329.
296
What is the remainder when 2513 is divided by 78?
17
What is the remainder when 91050 is divided by 45525?
0
Calculate the remainder when 195359 is divided by 480.
479
What is the remainder when 25617 is divided by 15?
12
Calculate the remainder when 189395 is divided by 309.
287
What is the remainder when 203892 is divided by 197?
194
Calculate the remainder when 40805 is divided by 698.
321
What is the remainder when 23254 is divided by 256?
214
What is the remainder when 664 is divided by 645?
19
What is the remainder when 49659 is divided by 24824?
11
What is the remainder when 18242 is divided by 16?
2
What is the remainder when 3318 is divided by 2948?
370
Calculate the remainder when 5530 is divided by 2681.
168
Calculate the remainder when 5934 is divided by 942.
282
What is the remainder when 103903 is divided by 34627?
22
Calculate the remainder when 825 is divided by 185.
85
Calculate the remainder when 9675 is divided by 3223.
6
What is the remainder when 418162 is divided by 251?
247
What is the remainder when 17964 is divided by 4446?
180
What is the remainder when 637982 is divided by 16?
14
What is the remainder when 1249871 is divided by 16?
15
Calculate the remainder when 8821 is divided by 302.
63
Calculate the remainder when 527 is divided by 216.
95
What is the remainder when 36912 is divided by 436?
288
Calculate the remainder when 9403 is divided by 95.
93
Calculate the remainder when 2048 is divided by 251.
40
Calculate the remainder when 13875 is divided by 1380.
75
Calculate the remainder when 862 is divided by 130.
82
What is the remainder when 110481 is divided by 614?
575
Calculate the remainder when 4013276 is divided by 36.
32
What is the remainder when 121532 is divided by 13?
8
What is the remainder when 17101 is divided by 1067?
29
Calculate the remainder when 2501178 is divided by 96.
90
Calculate the remainder when 11861 is divided by 538.
25
Calculate the remainder when 9281 is divided by 2969.
374
Calculate the remainder when 50555 is divided by 178.
3
What is the remainder when 4906 is divided by 2298?
310
Calculate the remainder when 3140 is divided by 4.
0
What is the remainder when 376529 is divided by 12?
5
What is the remainder when 50455 is divided by 81?
73
Calculate the remainder when 54264 is divided by 396.
12
What is the remainder when 440423 is divided by 193?
190
What is the remainder when 494735 is divided by 176?
175
Calculate the remainder when 17941 is divided by 641.
634
Calculate the remainder when 14088 is divided by 164.
148
What is the remainder when 1531 is divided by 1?
0
What is the remainder when 174043 is divided by 72?
19
What is the remainder when 7806 is divided by 1345?
1081
Calculate the remainder when 2955 is divided by 1473.
9
Calculate the remainder when 159395 is divided by 200.
195
What is the remainder when 26860 is divided by 277?
268
What is the remainder when 153815 is divided by 869?
2
What is the remainder when 13206 is divided by 7?
4
What is the remainder when 35897 is divided by 12?
5
What is the remainder when 932366 is divided by 5?
1
What is the remainder when 231031 is divided by 2?
1
Calculate the remainder when 31904 is divided by 84.
68
What is the remainder when 12999 is divided by 55?
19
Calculate the remainder when 44536 is divided by 64.
56
Calculate the remainder when 424518 is divided by 243.
240
What is the remainder when 856906 is divided by 451?
6
What is the remainder when 415359 is divided by 222?
219
Calculate the remainder when 1524 is divided by 608.
308
Calculate the remainder when 1449382 is divided by 524.
522
Calculate the remainder when 2141 is divided by 2067.
74
What is the remainder when 302060 is divided by 14?
10
Calculate the remainder when 7037 is divided by 996.
65
What is the remainder when 341878 is divided by 12?
10
Calculate the remainder when 3781 is divided by 3772.
9
Calculate the remainder when 2995777 is divided by 37.
35
What is the remainder when 1811855 is divided by 106?
103
Calculate the remainder when 2896 is divided by 71.
56
What is the remainder when 6590 is divided by 4?
2
Calculate the remainder when 2116631 is divided by 168.
167
Calculate the remainder when 10075 is divided by 337.
302
What is the remainder when 478 is divided by 236?
6
Calculate the remainder when 46289 is divided by 23143.
3
Calculate the remainder when 207921 is divided by 111.
18
What is the remainder when 1191 is divided by 576?
39
Calculate the remainder when 804791 is divided by 78.
65
Calculate the remainder when 4874 is divided by 692.
30
What is the remainder when 2875 is divided by 547?
140
Calculate the remainder when 8849 is divided by 18.
11
Calculate the remainder when 15626 is divided by 59.
50
What is the remainder when 957 is divided by 152?
45
What is the remainder when 734064 is divided by 23?
19
Calculate the remainder when 1896 is divided by 211.
208
Calculate the remainder when 125987 is divided by 41980.
47
Calculate the remainder when 7604 is divided by 318.
290
Calculate the remainder when 300356 is divided by 18.
8
What is the remainder when 760186 is divided by 380086?
14
What is the remainder when 152550 is divided by 22?
2
Calculate the remainder when 148555 is divided by 74255.
45
Calculate the remainder when 4063 is divided by 271.
269
What is the remainder when 27378 is divided by 163?
157
Calculate the remainder when 1775 is divided by 64.
47
Calculate the remainder when 820 is divided by 307.
206
Calculate the remainder when 333068 is divided by 5645.
13
What is the remainder when 445 is divided by 164?
117
What is the remainder when 51640 is divided by 95?
55
What is the remainder when 4716061 is divided by 603?
601
What is the remainder when 13727 is divided by 32?
31
What is the remainder when 269132 is divided by 44853?
14
Calculate the remainder when 10571 is divided by 367.
295
What is the remainder when 5143 is divided by 2568?
7
Calculate the remainder when 446 is divided by 21.
5
What is the remainder when 34517 is divided by 1724?
37
What is the remainder when 5954 is divided by 1671?
941
Calculate the remainder when 126359 is divided by 83.
33
What is the remainder when 316380 is divided by 199?
169
What is the remainder when 204064 is divided by 68014?
22
Calculate the remainder when 27446 is divided by 88.
78
Calculate the remainder when 22899 is divided by 793.
695
Calculate the remainder when 9021 is divided by 1354.
897
Calculate the remainder when 31364 is divided by 205.
204
What is the remainder when 109281 is divided by 21845?
56
What is the remainder when 86941 is divided by 39?
10
What is the remainder when 4414 is divided by 2007?
400
What is the remainder when 3088 is divided by 3071?
17
What is the remainder when 102516 is divided by 34169?
9
Calculate the remainder when 15038 is divided by 32.
30
Calculate the remainder when 7172 is divided by 21.
11
What is the remainder when 4549 is divided by 195?
64
What is the remainder when 22988 is divided by 55?
53
Calculate the remainder when 63610 is divided by 76.
74
What is the remainder when 998 is divided by 993?
5
What is the remainder when 65799 is divided by 5978?
41
What is the remainder when 1363 is divided by 779?
584
What is the remainder when 43049 is divided by 21?
20
Calculate the remainder when 12478 is divided by 39.
37
What is the remainder when 7274 is divided by 68?
66
What is the remainder when 3002 is divided by 125?
2
Calculate the remainder when 97294 is divided by 6486.
4
Calculate the remainder when 63509 is divided by 538.
25
What is the remainder when 17589 is divided by 53?
46
Calculate the remainder when 1